{"id":96572,"date":"2019-09-08T20:42:05","date_gmt":"2019-09-08T23:42:05","guid":{"rendered":"https:\/\/www.secular-games.com\/?post_type=product&#038;p=96572"},"modified":"2023-01-21T15:28:50","modified_gmt":"2023-01-21T18:28:50","slug":"2077-distopia-cybernetica","status":"publish","type":"product","link":"https:\/\/seculargames.com.br\/loja\/index.php\/produto\/2077-distopia-cybernetica\/","title":{"rendered":"2077 Distopia Cybern\u00e9tica"},"content":{"rendered":"<p><strong>2077<\/strong> \u00e9 um jogo minimalista Cyberpunk de um folheto \u00fanico baseado no <strong>Queen System<\/strong>.<\/p>\n<p>Neste panfleto gratuito, que cont\u00e9m todas as regras que voc\u00ea precisa para assumir um dos pap\u00e9is no jogo (Narradora ou Protagonista), voc\u00ea criar\u00e1 uma hist\u00f3ria na Cidade Central, invadindo uma Corpora\u00e7\u00e3o em busca de um chip de mem\u00f3ria.<\/p>\n<p>A hist\u00f3ria gira em torno dos <strong>Mercen\u00e1rios Urbanos<\/strong>, grupos bem equipados que topam qualquer tipo de servi\u00e7o, desde que muito bem pagos.<\/p>\n<p>Aproveite e baixe o seu gratuitamente e experimente mais esta op\u00e7\u00e3o para rodar aventuras cyberpunk, usando apenas o panfleto impresso e um conjunto de dados de 6 lados.<\/p>\n","protected":false},"excerpt":{"rendered":"<p>Jogo de Narrativa Cyberpunk Minimalista de uma p\u00e1gina utilizando o Queen System.<\/p>\n","protected":false},"featured_media":703362,"comment_status":"open","ping_status":"closed","template":"","meta":[],"product_brand":[],"product_cat":[210,47,245],"product_tag":[39,38,40,41],"class_list":{"0":"post-96572","1":"product","2":"type-product","3":"status-publish","4":"has-post-thumbnail","6":"product_cat-gratuito","7":"product_cat-pdf","8":"product_cat-queen-system","9":"product_tag-gratuito","10":"product_tag-pdf","11":"product_tag-queen-system","12":"product_tag-rpg","14":"first","15":"instock","16":"downloadable","17":"virtual","18":"purchasable","19":"product-type-simple"},"_links":{"self":[{"href":"https:\/\/seculargames.com.br\/loja\/index.php\/wp-json\/wp\/v2\/product\/96572","targetHints":{"allow":["GET"]}}],"collection":[{"href":"https:\/\/seculargames.com.br\/loja\/index.php\/wp-json\/wp\/v2\/product"}],"about":[{"href":"https:\/\/seculargames.com.br\/loja\/index.php\/wp-json\/wp\/v2\/types\/product"}],"replies":[{"embeddable":true,"href":"https:\/\/seculargames.com.br\/loja\/index.php\/wp-json\/wp\/v2\/comments?post=96572"}],"wp:featuredmedia":[{"embeddable":true,"href":"https:\/\/seculargames.com.br\/loja\/index.php\/wp-json\/wp\/v2\/media\/703362"}],"wp:attachment":[{"href":"https:\/\/seculargames.com.br\/loja\/index.php\/wp-json\/wp\/v2\/media?parent=96572"}],"wp:term":[{"taxonomy":"product_brand","embeddable":true,"href":"https:\/\/seculargames.com.br\/loja\/index.php\/wp-json\/wp\/v2\/product_brand?post=96572"},{"taxonomy":"product_cat","embeddable":true,"href":"https:\/\/seculargames.com.br\/loja\/index.php\/wp-json\/wp\/v2\/product_cat?post=96572"},{"taxonomy":"product_tag","embeddable":true,"href":"https:\/\/seculargames.com.br\/loja\/index.php\/wp-json\/wp\/v2\/product_tag?post=96572"}],"curies":[{"name":"wp","href":"https:\/\/api.w.org\/{rel}","templated":true}]}}