{"id":831,"date":"2019-06-26T22:31:07","date_gmt":"2019-06-27T01:31:07","guid":{"rendered":"https:\/\/www.secular-games.com\/?post_type=product&#038;p=831"},"modified":"2025-12-27T13:46:31","modified_gmt":"2025-12-27T16:46:31","slug":"psirun-pdf","status":"publish","type":"product","link":"https:\/\/seculargames.com.br\/loja\/index.php\/produto\/psirun-pdf\/","title":{"rendered":"Psi*Run PDF"},"content":{"rendered":"<p><a href=\"http:\/\/seculargames.com.br\/loja\/wp-content\/uploads\/2019\/06\/TopProdutoPsi.jpg\"><img loading=\"lazy\" decoding=\"async\" class=\"alignnone size-full wp-image-703275\" src=\"http:\/\/seculargames.com.br\/loja\/wp-content\/uploads\/2019\/06\/TopProdutoPsi.jpg\" alt=\"\" width=\"1500\" height=\"430\" srcset=\"https:\/\/seculargames.com.br\/loja\/wp-content\/uploads\/2019\/06\/TopProdutoPsi.jpg 1500w, https:\/\/seculargames.com.br\/loja\/wp-content\/uploads\/2019\/06\/TopProdutoPsi-300x86.jpg 300w, https:\/\/seculargames.com.br\/loja\/wp-content\/uploads\/2019\/06\/TopProdutoPsi-1024x294.jpg 1024w, https:\/\/seculargames.com.br\/loja\/wp-content\/uploads\/2019\/06\/TopProdutoPsi-768x220.jpg 768w, https:\/\/seculargames.com.br\/loja\/wp-content\/uploads\/2019\/06\/TopProdutoPsi-416x119.jpg 416w\" sizes=\"auto, (max-width: 1500px) 100vw, 1500px\" \/><\/a><\/p>\n<p>Psi-Run \u00e9 um jogo narrativo de a\u00e7\u00e3o, psiquismo e mist\u00e9rio para 3 a 5 jogadores. Os personagens, chamados Fugitivos, t\u00eam poderes ps\u00edquicos e amn\u00e9sia. A \u00fanica coisa da qual eles t\u00eam certeza \u00e9 o fato de estarem sendo perseguidos pelos seus antigos carcereiros, denominados Perseguidores. Durante uma partida, os jogadores rolar\u00e3o dados e os designar\u00e3o entre determinadas categorias, denominadas Riscos, para alcan\u00e7arem seus objetivos, responderem perguntas a respeito do passados dos Fugitivos, usarem poderes ps\u00edquicos, evitarem perigos e a captura pelos Perseguidores.<\/p>\n<p>S\u00f3 existe uma certeza a respeito de quem quer que esteja atr\u00e1s de voc\u00ea: eles n\u00e3o v\u00e3o parar por nada at\u00e9 te capturarem, mas da mesma forma, voc\u00ea n\u00e3o vai medir esfor\u00e7os para manter sua liberdade. Os espa\u00e7os em branco em sua mem\u00f3ria demandam aten\u00e7\u00e3o, assim como suas habilidades impressionantes. Mantenha-se \u00e0 frente dos Perseguidores por tempo suficiente para responder a todas as suas quest\u00f5es, e tor\u00e7a para que seus poderes ps\u00edquicos n\u00e3o se descontrolem.<\/p>\n<p>Todo jogo de Psi-Run come\u00e7a com um tipo de acidente. Os personagens, chamados Fugitivos, t\u00eam poderes ps\u00edquicos e amn\u00e9sia. A \u00fanica coisa da qual eles t\u00eam certeza \u00e9 o fato de estarem sendo perseguidos pelos seus antigos carcereiros, denominados Perseguidores. Durante uma partida, os jogadores rolar\u00e3o dados e os designar\u00e3o entre determinadas categorias, denominadas Riscos, para alcan\u00e7arem seus objetivos, responderem perguntas a respeito do passados dos Fugitivos, usarem poderes ps\u00edquicos, evitarem perigos e a captura pelos Perseguidores. Ao percorrerem um caminho passando por v\u00e1rias localidades, os Fugitivos deixar\u00e3o para tr\u00e1s uma Trilha de informa\u00e7\u00e3o que os Perseguidores utilizar\u00e3o para ca\u00e7\u00e1-los incansavelmente.<\/p>\n<p>Os Fugitivos descobrir\u00e3o a verdade? Os Perseguidores conseguir\u00e3o captur\u00e1-los? Jogue para descobrir!<\/p>\n<p>Psi-Run \u00e9 um jogo narrativo de a\u00e7\u00e3o, psiquismo e mist\u00e9rio para 3 a 5 jogadores (onde um deles assume o papel de Mestre do Jogo), que pode se conclu\u00eddo entre 2 e 5 horas.<\/p>\n<p>Quer conhecer mais sobre o Psi-Run? Confira estas resenhas bastante completas sobre o funcionamento do jogo!<\/p>\n<p>O jogo \u00e9 animal. Ele \u00e9 simples, r\u00e1pido, f\u00e1cil de aprender, e \u00e9 MUITO intenso. Ele tem esse clima de persegui\u00e7\u00e3o constante e a chance eterna de que qualquer coisa que voc\u00ea tente fazer sempre vai gerar mais e mais efeitos colaterais e manter a hist\u00f3ria caminhando a passos largos. N\u00e3o tem como ficar enrolando nesse jogo, e ele coloca para frente n\u00e3o somente os jogadores como o Mestre tamb\u00e9m, que se adapta em rela\u00e7\u00e3o ao status da persegui\u00e7\u00e3o. \u2013 Encho Chagas na RPGNot\u00edcias<\/p>\n<p>Sobre o jogo e suas regras, n\u00e3o tem muito o que dizer, ele \u00e9 simples, r\u00e1pido, elegante e muito interessante. \u00c9 um jogo para se jogar umas 6 \u2013 7 horas e ele chegar\u00e1 ao fim. No playtest que fizemos conseguimos finaliz\u00e1-lo com 3 horas. E ao final do jogo d\u00e1 uma sensa\u00e7\u00e3o t\u00e3o boa de dever cumprido que voc\u00ea fica afim de jogar novamente. Acho que este \u00e9 outro ponto positivo para o jogo, quando ele termina todos est\u00e3o ainda empolgados com a trama, doidos pra saber o que vai rolar, ent\u00e3o a sensa\u00e7\u00e3o \u00e9 de quero mais\u2026 \u2013 Marcos Rodrigues na Torre do Mago<\/p>\n<p>Meguey Baker<br \/>\n66<br \/>\nInterior P&amp;B impresso em papel Offset\/120g, Capa colorida<br \/>\n0.500 g<\/p>\n","protected":false},"excerpt":{"rendered":"<p>Psi-Run \u00e9 um jogo narrativo de a\u00e7\u00e3o, psiquismo e mist\u00e9rio para 3 a 5 jogadores. Os personagens, chamados Fugitivos, t\u00eam poderes ps\u00edquicos e amn\u00e9sia. A \u00fanica coisa da qual eles t\u00eam certeza \u00e9 o fato de estarem sendo perseguidos pelos seus antigos carcereiros, denominados Perseguidores. Durante uma partida, os jogadores rolar\u00e3o dados e os designar\u00e3o [&hellip;]<\/p>\n","protected":false},"featured_media":703299,"comment_status":"open","ping_status":"closed","template":"","meta":[],"product_brand":[],"product_cat":[47,50],"product_tag":[],"class_list":{"0":"post-831","1":"product","2":"type-product","3":"status-publish","4":"has-post-thumbnail","6":"product_cat-pdf","7":"product_cat-psirun","8":"product_shipping_class-impresso","10":"first","11":"instock","12":"downloadable","13":"virtual","14":"purchasable","15":"product-type-simple"},"_links":{"self":[{"href":"https:\/\/seculargames.com.br\/loja\/index.php\/wp-json\/wp\/v2\/product\/831","targetHints":{"allow":["GET"]}}],"collection":[{"href":"https:\/\/seculargames.com.br\/loja\/index.php\/wp-json\/wp\/v2\/product"}],"about":[{"href":"https:\/\/seculargames.com.br\/loja\/index.php\/wp-json\/wp\/v2\/types\/product"}],"replies":[{"embeddable":true,"href":"https:\/\/seculargames.com.br\/loja\/index.php\/wp-json\/wp\/v2\/comments?post=831"}],"wp:featuredmedia":[{"embeddable":true,"href":"https:\/\/seculargames.com.br\/loja\/index.php\/wp-json\/wp\/v2\/media\/703299"}],"wp:attachment":[{"href":"https:\/\/seculargames.com.br\/loja\/index.php\/wp-json\/wp\/v2\/media?parent=831"}],"wp:term":[{"taxonomy":"product_brand","embeddable":true,"href":"https:\/\/seculargames.com.br\/loja\/index.php\/wp-json\/wp\/v2\/product_brand?post=831"},{"taxonomy":"product_cat","embeddable":true,"href":"https:\/\/seculargames.com.br\/loja\/index.php\/wp-json\/wp\/v2\/product_cat?post=831"},{"taxonomy":"product_tag","embeddable":true,"href":"https:\/\/seculargames.com.br\/loja\/index.php\/wp-json\/wp\/v2\/product_tag?post=831"}],"curies":[{"name":"wp","href":"https:\/\/api.w.org\/{rel}","templated":true}]}}