{"id":700006,"date":"2020-12-23T17:15:18","date_gmt":"2020-12-23T20:15:18","guid":{"rendered":"https:\/\/www.secular-games.com\/?post_type=product&#038;p=700006"},"modified":"2026-03-06T02:28:10","modified_gmt":"2026-03-06T05:28:10","slug":"confusoes-em-nekesti","status":"publish","type":"product","link":"https:\/\/seculargames.com.br\/loja\/index.php\/produto\/confusoes-em-nekesti\/","title":{"rendered":"Confus\u00f5es em Nekesti"},"content":{"rendered":"<p>&nbsp;<\/p>\n<p><strong>&#8220;Confus\u00f5es em Nekesti&#8221;<\/strong> \u00e9 parte de uma s\u00e9rie de aventuras de <strong>Joe Banner<\/strong> traduzidas para o portugu\u00eas e <strong>Totalmente Gratuitas.<\/strong> O autor possui diversas aventuras de 10 a 12 p\u00e1ginas que iremos traduzir, dar um acabamento especial e disponibilizar gratuitamente no novo site. A ideia \u00e9 publicar as aventuras (conforme for poss\u00edvel) sempre em PDF e traduzido. Para voc\u00ea curtir ainda mais seu <strong>Dungeon World<\/strong> e espalhar esse jogo incr\u00edvel por a\u00ed.<\/p>\n","protected":false},"excerpt":{"rendered":"<p>Mini Aventuras Gratuitas para Dungeon World<\/p>\n","protected":false},"featured_media":703320,"comment_status":"open","ping_status":"closed","template":"","meta":[],"product_brand":[],"product_cat":[42,210,375,47],"product_tag":[244,39,38,41],"class_list":{"0":"post-700006","1":"product","2":"type-product","3":"status-publish","4":"has-post-thumbnail","6":"product_cat-dungeon-world","7":"product_cat-gratuito","8":"product_cat-joe-banner-series","9":"product_cat-pdf","10":"product_tag-dungeon-world","11":"product_tag-gratuito","12":"product_tag-pdf","13":"product_tag-rpg","15":"first","16":"instock","17":"downloadable","18":"virtual","19":"purchasable","20":"product-type-simple"},"_links":{"self":[{"href":"https:\/\/seculargames.com.br\/loja\/index.php\/wp-json\/wp\/v2\/product\/700006","targetHints":{"allow":["GET"]}}],"collection":[{"href":"https:\/\/seculargames.com.br\/loja\/index.php\/wp-json\/wp\/v2\/product"}],"about":[{"href":"https:\/\/seculargames.com.br\/loja\/index.php\/wp-json\/wp\/v2\/types\/product"}],"replies":[{"embeddable":true,"href":"https:\/\/seculargames.com.br\/loja\/index.php\/wp-json\/wp\/v2\/comments?post=700006"}],"wp:featuredmedia":[{"embeddable":true,"href":"https:\/\/seculargames.com.br\/loja\/index.php\/wp-json\/wp\/v2\/media\/703320"}],"wp:attachment":[{"href":"https:\/\/seculargames.com.br\/loja\/index.php\/wp-json\/wp\/v2\/media?parent=700006"}],"wp:term":[{"taxonomy":"product_brand","embeddable":true,"href":"https:\/\/seculargames.com.br\/loja\/index.php\/wp-json\/wp\/v2\/product_brand?post=700006"},{"taxonomy":"product_cat","embeddable":true,"href":"https:\/\/seculargames.com.br\/loja\/index.php\/wp-json\/wp\/v2\/product_cat?post=700006"},{"taxonomy":"product_tag","embeddable":true,"href":"https:\/\/seculargames.com.br\/loja\/index.php\/wp-json\/wp\/v2\/product_tag?post=700006"}],"curies":[{"name":"wp","href":"https:\/\/api.w.org\/{rel}","templated":true}]}}