{"id":48,"date":"2016-03-01T08:49:25","date_gmt":"2016-03-01T11:49:25","guid":{"rendered":"http:\/\/test.kriesi.at\/travel\/?post_type=product&#038;p=48"},"modified":"2026-03-15T09:38:43","modified_gmt":"2026-03-15T12:38:43","slug":"busca-final","status":"publish","type":"product","link":"https:\/\/seculargames.com.br\/loja\/index.php\/produto\/busca-final\/","title":{"rendered":"Busca Final"},"content":{"rendered":"<p><a href=\"http:\/\/seculargames.com.br\/loja\/wp-content\/uploads\/2016\/03\/TopProdutoBusca.jpg\"><img loading=\"lazy\" decoding=\"async\" class=\"alignnone size-full wp-image-703338\" src=\"http:\/\/seculargames.com.br\/loja\/wp-content\/uploads\/2016\/03\/TopProdutoBusca.jpg\" alt=\"\" width=\"1500\" height=\"430\" srcset=\"https:\/\/seculargames.com.br\/loja\/wp-content\/uploads\/2016\/03\/TopProdutoBusca.jpg 1500w, https:\/\/seculargames.com.br\/loja\/wp-content\/uploads\/2016\/03\/TopProdutoBusca-300x86.jpg 300w, https:\/\/seculargames.com.br\/loja\/wp-content\/uploads\/2016\/03\/TopProdutoBusca-1024x294.jpg 1024w, https:\/\/seculargames.com.br\/loja\/wp-content\/uploads\/2016\/03\/TopProdutoBusca-768x220.jpg 768w, https:\/\/seculargames.com.br\/loja\/wp-content\/uploads\/2016\/03\/TopProdutoBusca-416x119.jpg 416w\" sizes=\"auto, (max-width: 1500px) 100vw, 1500px\" \/><\/a><\/p>\n<p><strong><em>Busca Final<\/em><\/strong>\u00a0\u00e9 um jogo de narrativa \u00e9pica, onde o narrador e os demais jogadores, que assumem o papel de protagonistas da hist\u00f3ria, forjam em conjunto uma grande saga com in\u00edcio, meio e fim, na qual indiv\u00edduos de f\u00e9 e convic\u00e7\u00e3o se encontram ou finalmente se perdem na quest\u00e3o essencial do continente fict\u00edcio de Othora: o que aconteceu com a magia do mundo?<\/p>\n<p><em>Ser\u00e1 que os guerreiros errantes de Othora t\u00eam o que \u00e9 necess\u00e1rio para trazer a magia de volta ao mundo? Busca Final \u00e9 um jogo de narrativa diferente: tem princ\u00edpio, meio e fim, com um enredo definido, para levar os jogadores protagonistas em busca da resposta que pode selar ou mudar para sempre o destino de seu universo e das pessoas que amam.<\/em><\/p>\n<p><em>Como o Santo Graal dos cavaleiros de Artur, o anel de Frodo Bolseiro ou o regresso ao lar das crian\u00e7as de Caverna do Drag\u00e3o, a magia de Othora \u00e9 apenas a ponta do iceberg. A narrativa que se desenha por tr\u00e1s do tema \u00e9 o ponto essencial \u2013 t\u00e3o arrebatadora e cativante quanto seu grupo puder torn\u00e1-la.<\/em><\/p>\n<p><em>Aqui a busca tem in\u00edcio: ouse chegar ao fim do jogo!<\/em><\/p>\n<p><strong><em>Busca Final<\/em><\/strong> \u00e9 um jogo de narrativa \u00e9pica, onde o narrador e os demais jogadores, que assumem o papel de protagonistas da hist\u00f3ria, forjam em conjunto uma grande saga com in\u00edcio, meio e fim, na qual indiv\u00edduos de f\u00e9 e convic\u00e7\u00e3o se encontram ou finalmente se perdem na quest\u00e3o essencial do continente fict\u00edcio de Othora: o que aconteceu com a magia do mundo? O sistema de regras n\u00e3o utiliza dados, mas cartas de baralho comuns e tem como foco a narra\u00e7\u00e3o de conflitos.<\/p>\n<p>Gilt\u00f4nio Santos &amp; Richard Garrell<br \/>\n64<br \/>\n35 Megas<br \/>\nPDF<\/p>\n","protected":false},"excerpt":{"rendered":"<p>Busca Final\u00a0\u00e9 um jogo de narrativa \u00e9pica, onde o narrador e os demais jogadores, que assumem o papel de protagonistas da hist\u00f3ria, forjam em conjunto uma grande saga com in\u00edcio, meio e fim, na qual indiv\u00edduos de f\u00e9 e convic\u00e7\u00e3o se encontram ou finalmente se perdem na quest\u00e3o essencial do continente fict\u00edcio de Othora: o [&hellip;]<\/p>\n","protected":false},"featured_media":703340,"comment_status":"open","ping_status":"closed","template":"","meta":[],"product_brand":[],"product_cat":[209,210,47],"product_tag":[],"class_list":{"0":"post-48","1":"product","2":"type-product","3":"status-publish","4":"has-post-thumbnail","6":"product_cat-busca-final","7":"product_cat-gratuito","8":"product_cat-pdf","10":"first","11":"instock","12":"downloadable","13":"virtual","14":"purchasable","15":"product-type-simple"},"_links":{"self":[{"href":"https:\/\/seculargames.com.br\/loja\/index.php\/wp-json\/wp\/v2\/product\/48","targetHints":{"allow":["GET"]}}],"collection":[{"href":"https:\/\/seculargames.com.br\/loja\/index.php\/wp-json\/wp\/v2\/product"}],"about":[{"href":"https:\/\/seculargames.com.br\/loja\/index.php\/wp-json\/wp\/v2\/types\/product"}],"replies":[{"embeddable":true,"href":"https:\/\/seculargames.com.br\/loja\/index.php\/wp-json\/wp\/v2\/comments?post=48"}],"wp:featuredmedia":[{"embeddable":true,"href":"https:\/\/seculargames.com.br\/loja\/index.php\/wp-json\/wp\/v2\/media\/703340"}],"wp:attachment":[{"href":"https:\/\/seculargames.com.br\/loja\/index.php\/wp-json\/wp\/v2\/media?parent=48"}],"wp:term":[{"taxonomy":"product_brand","embeddable":true,"href":"https:\/\/seculargames.com.br\/loja\/index.php\/wp-json\/wp\/v2\/product_brand?post=48"},{"taxonomy":"product_cat","embeddable":true,"href":"https:\/\/seculargames.com.br\/loja\/index.php\/wp-json\/wp\/v2\/product_cat?post=48"},{"taxonomy":"product_tag","embeddable":true,"href":"https:\/\/seculargames.com.br\/loja\/index.php\/wp-json\/wp\/v2\/product_tag?post=48"}],"curies":[{"name":"wp","href":"https:\/\/api.w.org\/{rel}","templated":true}]}}