{"id":46,"date":"2016-03-01T08:44:02","date_gmt":"2016-03-01T11:44:02","guid":{"rendered":"http:\/\/test.kriesi.at\/travel\/product\/trip-to-london\/"},"modified":"2026-02-18T21:25:07","modified_gmt":"2026-02-19T00:25:07","slug":"dungeon-world","status":"publish","type":"product","link":"https:\/\/seculargames.com.br\/loja\/index.php\/produto\/dungeon-world\/","title":{"rendered":"Dungeon World"},"content":{"rendered":"<p><a href=\"http:\/\/seculargames.com.br\/loja\/wp-content\/uploads\/2016\/03\/TopProdutoDW.jpg\"><img loading=\"lazy\" decoding=\"async\" class=\"alignnone size-full wp-image-703290\" src=\"http:\/\/seculargames.com.br\/loja\/wp-content\/uploads\/2016\/03\/TopProdutoDW.jpg\" alt=\"\" width=\"1500\" height=\"430\" srcset=\"https:\/\/seculargames.com.br\/loja\/wp-content\/uploads\/2016\/03\/TopProdutoDW.jpg 1500w, https:\/\/seculargames.com.br\/loja\/wp-content\/uploads\/2016\/03\/TopProdutoDW-300x86.jpg 300w, https:\/\/seculargames.com.br\/loja\/wp-content\/uploads\/2016\/03\/TopProdutoDW-1024x294.jpg 1024w, https:\/\/seculargames.com.br\/loja\/wp-content\/uploads\/2016\/03\/TopProdutoDW-768x220.jpg 768w, https:\/\/seculargames.com.br\/loja\/wp-content\/uploads\/2016\/03\/TopProdutoDW-416x119.jpg 416w\" sizes=\"auto, (max-width: 1500px) 100vw, 1500px\" \/><\/a><\/p>\n<p>Dungeon World \u00e9 um RPG de aventura fant\u00e1stica que combina a pegada dos jogos da velha guarda com regras modernas. Voc\u00ea e seus amigos v\u00e3o explorar terras repletas de magia e perigos no papel de aventureiros em busca de fama, ouro e gl\u00f3ria! S\u00f3 na Secular Games voc\u00ea compra o livro e <strong>ganha o PDF inteiramente Gr\u00e1tis!!!<\/strong><\/p>\n<p><em>Dungeon World \u00e9 um RPG de aventura fant\u00e1stica que combina a pegada dos jogos da velha guarda com regras modernas. Voc\u00ea e seus amigos v\u00e3o explorar terras repletas de magia e perigos no papel de aventureiros em busca de fama, ouro e gl\u00f3ria.\u00a0<\/em><\/p>\n<p><em>As regras de Dungeon World s\u00e3o f\u00e1ceis de aprender e sempre dirigem a narrativa adiante de maneiras inesperadas. Uma falha em uma rolagem de dados nunca \u00e9 um beco sem sa\u00edda \u2013 elas introduzem novas complexidades e complica\u00e7\u00f5es para os her\u00f3is. Afinal a vida de um aventureiro \u00e9 dif\u00edcil e perigosa, mas nunca entediante!<\/em><\/p>\n<div><em>Desenvolvido para que voc\u00ea possa modificar, transformar e criar novos conte\u00fados (ou seu pr\u00f3prio conte\u00fado),\u00a0Dungeon\u00a0World\u00a0inclui sistemas para mudar\u00a0o\u00a0jogo de acordo\u00a0com\u00a0as prefer\u00eancias de seu grupo, incluindo material para cria\u00e7\u00e3o\u00a0de novas ra\u00e7as, classes e monstros.<\/em><\/div>\n<div><em>\u00a0<\/em><\/div>\n<div><em>Para jogar voc\u00ea vai precisar deste livro de regras, de 3 a 5 jogadores, alguns dados e entre 2 a 4 horas.<\/em><\/div>\n<div><em>\u00a0<\/em><\/div>\n<div><em>Explore a fantasia medieval de uma\u00a0maneira\u00a0completamente\u00a0nova\u00a0com\u00a0o\u00a0Dungeon\u00a0World!<\/em><\/div>\n<div><\/div>\n<div>Sage LaTorra e Adam Koebel<br \/>\n400<br \/>\n0.700 g<br \/>\nInterior P&amp;B em papel creme, Capa dura colorida<\/div>\n","protected":false},"excerpt":{"rendered":"<p><strong>Extras<\/strong><\/p>\n<p><a href=\"http:\/\/seculargames.com.br\/loja\/wp-content\/uploads\/2023\/03\/fichasdw.pdf\">Fichas de Personagem<\/a> | <a href=\"https:\/\/drive.google.com\/drive\/folders\/1SSEceEGReRAY_vSohWajqEKOL-Tn2Gj9?usp=sharing\">Materiais para Stream<\/a> | <a href=\"https:\/\/drive.google.com\/drive\/folders\/1Tl-8_yB0se1s6H8JInILyZSlPS97oDdz?usp=sharing\">Tokens Digitais<\/a><\/p>\n<p><a href=\"http:\/\/seculargames.com.br\/loja\/wp-content\/uploads\/2024\/07\/guia-do-dungeon-world.pdf\">Guia do Dungeon World<\/a> (para conhecer e aprender como jogar)<\/p>\n","protected":false},"featured_media":703256,"comment_status":"open","ping_status":"closed","template":"","meta":[],"product_brand":[],"product_cat":[42,35],"product_tag":[43,44,45,46,41],"class_list":{"0":"post-46","1":"product","2":"type-product","3":"status-publish","4":"has-post-thumbnail","6":"product_cat-dungeon-world","7":"product_cat-livro","8":"product_tag-awe","9":"product_tag-fantasia","10":"product_tag-medieval","11":"product_tag-narrativo","12":"product_tag-rpg","13":"product_shipping_class-impresso","15":"first","16":"instock","17":"featured","18":"downloadable","19":"shipping-taxable","20":"purchasable","21":"product-type-simple"},"_links":{"self":[{"href":"https:\/\/seculargames.com.br\/loja\/index.php\/wp-json\/wp\/v2\/product\/46","targetHints":{"allow":["GET"]}}],"collection":[{"href":"https:\/\/seculargames.com.br\/loja\/index.php\/wp-json\/wp\/v2\/product"}],"about":[{"href":"https:\/\/seculargames.com.br\/loja\/index.php\/wp-json\/wp\/v2\/types\/product"}],"replies":[{"embeddable":true,"href":"https:\/\/seculargames.com.br\/loja\/index.php\/wp-json\/wp\/v2\/comments?post=46"}],"wp:featuredmedia":[{"embeddable":true,"href":"https:\/\/seculargames.com.br\/loja\/index.php\/wp-json\/wp\/v2\/media\/703256"}],"wp:attachment":[{"href":"https:\/\/seculargames.com.br\/loja\/index.php\/wp-json\/wp\/v2\/media?parent=46"}],"wp:term":[{"taxonomy":"product_brand","embeddable":true,"href":"https:\/\/seculargames.com.br\/loja\/index.php\/wp-json\/wp\/v2\/product_brand?post=46"},{"taxonomy":"product_cat","embeddable":true,"href":"https:\/\/seculargames.com.br\/loja\/index.php\/wp-json\/wp\/v2\/product_cat?post=46"},{"taxonomy":"product_tag","embeddable":true,"href":"https:\/\/seculargames.com.br\/loja\/index.php\/wp-json\/wp\/v2\/product_tag?post=46"}],"curies":[{"name":"wp","href":"https:\/\/api.w.org\/{rel}","templated":true}]}}